{"id":204,"date":"2017-05-02T10:15:46","date_gmt":"2017-05-02T08:15:46","guid":{"rendered":"http:\/\/brunoramos.es\/curso-adsense\/ingresar\/"},"modified":"2026-03-23T16:50:00","modified_gmt":"2026-03-23T15:50:00","slug":"acceder","status":"publish","type":"page","link":"https:\/\/brunoramos.es\/curso-adsense\/acceder\/","title":{"rendered":"Acceder al curso"},"content":{"rendered":"<div class=\"e54a8ff72a93695caeced679e5afc314\" data-index=\"1\" style=\"float: none; margin:10px 0 10px 0; text-align:center;\">\n<center><div class=\"su-note\"  style=\"border-color:#e3c4c5;\"><div class=\"su-note-inner su-u-clearfix su-u-trim\" style=\"background-color:#fddedf;border-color:#ffffff;color:#333333;\"><strong>\ud83d\udc4b ANTES DE EMPEZAR<\/strong><br\/> Me gustar\u00eda contar con tu opini\u00f3n sobre el curso, qu\u00e9 te est\u00e1 pareciendo, si te est\u00e1 ayudando con tus nichos o si los contenidos se ajustan a tus expectativas.<br><a target=\"_blank\" href=\"https:\/\/brunoramos.es\/curso-adsense\/opiniones\/\">Escribir opini\u00f3n<\/a><br>Gracias \u2764\ufe0f<\/div><\/div><\/center>\n<\/div>\n<div class=\"gb-grid-wrapper gb-grid-wrapper-177f0049\">\n<div class=\"gb-grid-column gb-grid-column-119ae71d\"><div class=\"gb-container gb-container-119ae71d\"><div class=\"gb-inside-container\"><\/div><\/div><\/div>\n\n<div class=\"gb-grid-column gb-grid-column-0235ecd1\"><div class=\"gb-container gb-container-0235ecd1\"><div class=\"gb-inside-container\">\n\n<div class=\"mp_wrapper mp_login_form\">\n                  <!-- mp-login-form-start -->     <form name=\"mepr_loginform\" id=\"mepr_loginform\" class=\"mepr-form\" action=\"https:\/\/brunoramos.es\/curso-adsense\/acceder\/\" method=\"post\">\n            <div class=\"mp-form-row mepr_username\">\n        <div class=\"mp-form-label\">\n                              <label for=\"user_login\">Nombre de usuario<\/label>\n        <\/div>\n        <input type=\"text\" name=\"log\" id=\"user_login\" value=\"\" \/>\n      <\/div>\n      <div class=\"mp-form-row mepr_password\">\n        <div class=\"mp-form-label\">\n          <label for=\"user_pass\">Contrase\u00f1a<\/label>\n          <div class=\"mp-hide-pw\">\n            <input type=\"password\" name=\"pwd\" id=\"user_pass\" value=\"\" \/>\n            <button type=\"button\" class=\"button mp-hide-pw hide-if-no-js\" data-toggle=\"0\" aria-label=\"Mostrar la contrase\u00f1a\">\n              <span class=\"dashicons dashicons-visibility\" aria-hidden=\"true\"><\/span>\n            <\/button>\n          <\/div>\n        <\/div>\n      <\/div>\n            <div>\n        <label><input name=\"rememberme\" type=\"checkbox\" id=\"rememberme\" value=\"forever\" \/> Recu\u00e9rdame<\/label>\n      <\/div>\n      <div class=\"mp-spacer\">&nbsp;<\/div>\n      <div class=\"submit\">\n        <input type=\"submit\" name=\"wp-submit\" id=\"wp-submit\" class=\"button-primary mepr-share-button \" value=\"Acceder\" \/>\n        <input type=\"hidden\" name=\"redirect_to\" value=\"https:\/\/brunoramos.es\/curso-adsense\/temario\/\" \/>\n        <input type=\"hidden\" name=\"mepr_process_login_form\" value=\"true\" \/>\n        <input type=\"hidden\" name=\"mepr_is_login_page\" value=\"true\" \/>\n      <\/div>\n    <\/form>\n    <div class=\"mp-spacer\">&nbsp;<\/div>\n    <div class=\"mepr-login-actions\">\n        <a\n          href=\"https:\/\/brunoramos.es\/curso-adsense\/acceder\/?action=forgot_password\"\n          title=\"Click here to reset your password\"\n        >\n          Contrase\u00f1a olvidada        <\/a>\n    <\/div>\n\n      \n    <!-- mp-login-form-end --> \n  <\/div>\n\n\n<\/div><\/div><\/div>\n\n<div class=\"gb-grid-column gb-grid-column-1ebe85b8\"><div class=\"gb-container gb-container-1ebe85b8\"><div class=\"gb-inside-container\"><\/div><\/div><\/div>\n<\/div>\n<div style=\"font-size: 0px; height: 0px; line-height: 0px; margin: 0; padding: 0; clear: both;\"><\/div>","protected":false},"excerpt":{"rendered":"","protected":false},"author":1,"featured_media":1885,"parent":0,"menu_order":0,"comment_status":"closed","ping_status":"closed","template":"","meta":{"jetpack_post_was_ever_published":false,"footnotes":""},"class_list":["post-204","page","type-page","status-publish","has-post-thumbnail"],"jetpack_sharing_enabled":true,"_links":{"self":[{"href":"https:\/\/brunoramos.es\/curso-adsense\/wp-json\/wp\/v2\/pages\/204","targetHints":{"allow":["GET"]}}],"collection":[{"href":"https:\/\/brunoramos.es\/curso-adsense\/wp-json\/wp\/v2\/pages"}],"about":[{"href":"https:\/\/brunoramos.es\/curso-adsense\/wp-json\/wp\/v2\/types\/page"}],"author":[{"embeddable":true,"href":"https:\/\/brunoramos.es\/curso-adsense\/wp-json\/wp\/v2\/users\/1"}],"replies":[{"embeddable":true,"href":"https:\/\/brunoramos.es\/curso-adsense\/wp-json\/wp\/v2\/comments?post=204"}],"version-history":[{"count":1,"href":"https:\/\/brunoramos.es\/curso-adsense\/wp-json\/wp\/v2\/pages\/204\/revisions"}],"predecessor-version":[{"id":3827,"href":"https:\/\/brunoramos.es\/curso-adsense\/wp-json\/wp\/v2\/pages\/204\/revisions\/3827"}],"wp:featuredmedia":[{"embeddable":true,"href":"https:\/\/brunoramos.es\/curso-adsense\/wp-json\/wp\/v2\/media\/1885"}],"wp:attachment":[{"href":"https:\/\/brunoramos.es\/curso-adsense\/wp-json\/wp\/v2\/media?parent=204"}],"curies":[{"name":"wp","href":"https:\/\/api.w.org\/{rel}","templated":true}]}}