{"id":2813,"date":"2023-09-13T18:01:45","date_gmt":"2023-09-13T16:01:45","guid":{"rendered":"https:\/\/brunoramos.es\/curso-adsense\/?page_id=2813"},"modified":"2026-03-23T17:12:31","modified_gmt":"2026-03-23T16:12:31","slug":"plugin-turbo-vinetas","status":"publish","type":"page","link":"https:\/\/brunoramos.es\/curso-adsense\/plugin-turbo-vinetas\/","title":{"rendered":"Plugin Turbo Vi\u00f1etas"},"content":{"rendered":"<div class=\"e54a8ff72a93695caeced679e5afc314\" data-index=\"1\" style=\"float: none; margin:10px 0 10px 0; text-align:center;\">\n<center><div class=\"su-note\"  style=\"border-color:#e3c4c5;\"><div class=\"su-note-inner su-u-clearfix su-u-trim\" style=\"background-color:#fddedf;border-color:#ffffff;color:#333333;\"><strong>\ud83d\udc4b ANTES DE EMPEZAR<\/strong><br\/> Me gustar\u00eda contar con tu opini\u00f3n sobre el curso, qu\u00e9 te est\u00e1 pareciendo, si te est\u00e1 ayudando con tus nichos o si los contenidos se ajustan a tus expectativas.<br><a target=\"_blank\" href=\"https:\/\/brunoramos.es\/curso-adsense\/opiniones\/\">Escribir opini\u00f3n<\/a><br>Gracias \u2764\ufe0f<\/div><\/div><\/center>\n<\/div>\n\n<h1 class=\"wp-block-heading has-text-align-center\">Plugin Turbo Vi\u00f1etas, dispara la impresi\u00f3n de anuncios vi\u00f1eta de Adsense<\/h1>\n\n\n\n<p>El <strong>plugin Turbo Vi\u00f1etas<\/strong> exclusivo del curso te permite <strong>multiplicar la impresi\u00f3n de anuncios vi\u00f1eta<\/strong> autom\u00e1ticos de Adsense.<\/p>\n\n\n\n<p>Esto generalmente suele provocar un <strong>incremento considerable de los ingresos<\/strong>, ya que este tipo de anuncios tiene un <a href=\"https:\/\/brunoramos.es\/ctr-adsense\/\" target=\"_blank\" rel=\"noreferrer noopener\">CTR<\/a> muy alto.<\/p>\n\n\n\n<p>Seg\u00fan el nicho, he llegado a ver <strong>ingresos multiplicados hasta por 3<\/strong>&#8230; \ud83e\udd11<\/p>\n\n\n\n<h2 class=\"wp-block-heading\">\u00bfEn qu\u00e9 consiste Turbo Vi\u00f1etas?<\/h2>\n\n\n\n<p>Como sabr\u00e1s, los anuncios vi\u00f1eta aparecen una vez por hora y sesi\u00f3n cuando el usuario hace clic en un enlace en tu web.<\/p>\n\n\n\n<p>Pues, bien Turbo Vi\u00f1etas <strong>fomenta esa interacci\u00f3n del usuario<\/strong> al entrar en tu web, para que \u00abvisite\u00bb esa segunda p\u00e1gina y haga saltar este formato de anuncio, aprovechando su comportamiento natural.<\/p>\n\n\n\n<p>Est\u00e1 inspirado en un script que sac\u00f3 el Chuiso en Teamplatino, y que a su vez copia una funcionalidad que ofrece Ezoic a editores de un cierto nivel.<\/p>\n\n\n\n<p>Yo desarroll\u00e9 una versi\u00f3n propia con un script m\u00e1s \u00abnatural o amigable\u00bb para poder usarlo en cualquier tipo de web, y <a href=\"https:\/\/danidelolmo.com\/\" target=\"_blank\" rel=\"noreferrer noopener\">Daniel del Olmo<\/a>, alumno del curso, se prest\u00f3 a convertirlo en plugin.<\/p>\n\n\n\n<p>Junto con la ayuda de <a href=\"https:\/\/www.fedegomez.es\/\" target=\"_blank\" rel=\"noreferrer noopener\">Fede G\u00f3mez<\/a>, conseguimos pulirlo para que vaya fino fino.<\/p>\n\n\n\n<h2 class=\"wp-block-heading\">\u00bfEs legal usar el plugin?<\/h2>\n\n\n\n<p>Pues t\u00e9cnicamente s\u00ed, <strong>no se incumple ninguna pol\u00edtica<\/strong> porque al final est\u00e1s fomentando la navegaci\u00f3n interna por tu web, y si por el camino saltan vi\u00f1etas, es por el propio funcionamiento del anuncio.<\/p>\n\n\n\n<p>Que s\u00ed, estamos forzando impresiones, pero <strong>no de forma automatizada con bots<\/strong> ni tr\u00e1fico de dudosa procedencia: <span style=\"text-decoration: underline;\">son tus propios usuarios<\/span> reales interactuando con tu web, solo que ahora antes de llegar al contenido, \u00abpasan por otra p\u00e1gina\u00bb.<\/p>\n\n\n\n<p>De hecho, hay infinidad de plugins que provocan exactamente lo mismo, pero que est\u00e1n ideados con un prop\u00f3sito diferente. Yo simplemente he cogido la base, y lo he adaptado para que el usuario no pueda escapar.<\/p>\n\n\n\n<p><strong><mark style=\"background-color:rgba(0, 0, 0, 0);color:#d70f0f\" class=\"has-inline-color\">Eso s\u00ed, \u00fasalo bajo tu responsabilidad<\/mark><\/strong>, sobre todo en nichos Call To Click donde el CTR ya es alto de por s\u00ed.<\/p>\n\n\n\n<h2 class=\"wp-block-heading\">\u00bfEn qu\u00e9 tipo de webs funciona?<\/h2>\n\n\n\n<p>En todas, pero principalmente en <strong>nichos informativos<\/strong> con <span style=\"text-decoration: underline;\">menos de 2 p\u00e1ginas por sesi\u00f3n<\/span>.<\/p>\n\n\n\n<p>\u00bfPor qu\u00e9?<\/p>\n\n\n\n<p>Porque significa que la mayor\u00eda de tus visitas no ven anuncios vi\u00f1eta, ya que requieren como m\u00ednimo una segunda p\u00e1gina vista.<\/p>\n\n\n\n<h2 class=\"wp-block-heading\">Me interesa \u00bfes gratis?<\/h2>\n\n\n\n<p>No, porque solo lo ofrezco dentro del <a href=\"https:\/\/brunoramos.es\/curso-adsense\/\" target=\"_blank\" rel=\"noreferrer noopener\">curso Adsense Avanzado<\/a>.<\/p>\n\n\n\n<p>As\u00ed que si entras, adem\u00e1s de todo mi conocimiento, te llevas Turbo Vi\u00f1etas <strong>gratis<\/strong> \ud83d\ude09<\/p>\n\n\n\n<p>O esperas a que alguien lo comparta por ah\u00ed, y aproveche para meterle un troyano para robarte tu cuenta de Adsense, hackearte la web o vete t\u00fa a saber&#8230;<\/p>\n\n\n\n<p>Mucho ojo con estas cosas, de verdad.<\/p>\n\n\n\n<p>Mi plugin est\u00e1 limpio, no hace seguimiento de nada y solo est\u00e1 creado con el \u00fanico prop\u00f3sito de ayudar a la comunidad.<\/p>\n\n\n\n<p>Y adem\u00e1s, incluye futuras actualizaciones.<\/p>\n\n\n\n<div class=\"wp-block-columns is-layout-flex wp-container-core-columns-is-layout-9d6595d7 wp-block-columns-is-layout-flex\">\n<div class=\"wp-block-column is-layout-flow wp-block-column-is-layout-flow\"><\/div>\n\n\n\n<div class=\"wp-block-column is-layout-flow wp-block-column-is-layout-flow\">\n<a class=\"gb-button gb-button-f2230a4b gb-button-text\" href=\"https:\/\/brunoramos.es\/curso-adsense\/comprar\/?coupon=adsensetips\">Venga, quiero el plugin y el curso con 10 \u20ac de descuento \ud83d\ude09<\/a>\n<\/div>\n\n\n\n<div class=\"wp-block-column is-layout-flow wp-block-column-is-layout-flow\"><\/div>\n<\/div>\n\n<div style=\"font-size: 0px; height: 0px; line-height: 0px; margin: 0; padding: 0; clear: both;\"><\/div>","protected":false},"excerpt":{"rendered":"","protected":false},"author":1,"featured_media":2842,"parent":0,"menu_order":0,"comment_status":"closed","ping_status":"closed","template":"","meta":{"jetpack_post_was_ever_published":false,"footnotes":""},"class_list":["post-2813","page","type-page","status-publish","has-post-thumbnail"],"jetpack_sharing_enabled":true,"_links":{"self":[{"href":"https:\/\/brunoramos.es\/curso-adsense\/wp-json\/wp\/v2\/pages\/2813","targetHints":{"allow":["GET"]}}],"collection":[{"href":"https:\/\/brunoramos.es\/curso-adsense\/wp-json\/wp\/v2\/pages"}],"about":[{"href":"https:\/\/brunoramos.es\/curso-adsense\/wp-json\/wp\/v2\/types\/page"}],"author":[{"embeddable":true,"href":"https:\/\/brunoramos.es\/curso-adsense\/wp-json\/wp\/v2\/users\/1"}],"replies":[{"embeddable":true,"href":"https:\/\/brunoramos.es\/curso-adsense\/wp-json\/wp\/v2\/comments?post=2813"}],"version-history":[{"count":1,"href":"https:\/\/brunoramos.es\/curso-adsense\/wp-json\/wp\/v2\/pages\/2813\/revisions"}],"predecessor-version":[{"id":3823,"href":"https:\/\/brunoramos.es\/curso-adsense\/wp-json\/wp\/v2\/pages\/2813\/revisions\/3823"}],"wp:featuredmedia":[{"embeddable":true,"href":"https:\/\/brunoramos.es\/curso-adsense\/wp-json\/wp\/v2\/media\/2842"}],"wp:attachment":[{"href":"https:\/\/brunoramos.es\/curso-adsense\/wp-json\/wp\/v2\/media?parent=2813"}],"curies":[{"name":"wp","href":"https:\/\/api.w.org\/{rel}","templated":true}]}}